(-1). Calculate the greatest common factor of z and 208.
13
Let c(q) = -q**2 - 40*q - 368. Let r be c(-24). Calculate the highest common factor of r and 8.
8
Let h(f) = 86 - 42 + 17*f - 33. Let d be h(5). Calculate the highest common factor of d and 48.
48
Let p = 58 - 35. Let z(v) = -v**3 + 9*v**2 - 2*v + 2. Let y be z(8). Let i = 211 - y. Calculate the highest common divisor of i and p.
23
Suppose f - 5*w + 2*w = 196, -3*w = -4*f + 820. Let d be (f/20)/((-3)/(-15)). Let c be (-5 + 13)*(-117)/(-12). What is the highest common divisor of d and c?
26
Let b = 844 + -732. What is the greatest common factor of 176 and b?
16
Let n(q) = 3*q**3 + q**2 - 2*q + 4. Let x be n(2). What is the greatest common divisor of x and 35?
7
Let m = -23 + 17. Let j be (45/10)/((-1)/m). Calculate the highest common divisor of j and 9.
9
Suppose 2*c + 12 = 4*t - 0*c, 2*c - 8 = 0. Suppose t*q - 432 = -3*q. Calculate the greatest common factor of 18 and q.
18
Suppose 0 = 5*a - m - 172 + 50, 4*a - 3*m = 102. Let j = 52 - 47. Let r = j + 7. What is the highest common factor of a and r?
12
Suppose 700 = 4*g - 4*u, 3*u - 159 = -g - 0*u. What is the highest common factor of g and 1083?
57
Suppose 5*x - 51 = 89. Let h be (0/3 + 1)*1*4. What is the greatest common divisor of x and h?
4
Suppose 4*k + 0*q = 2*q + 158, 3*q = 4*k - 155. Calculate the highest common divisor of k and 287.
41
Let a be 7/((-376)/76 + 5). What is the greatest common divisor of a and 19?
19
Let x(w) = -w**2 - 3*w + 2. Let s be x(-5). Let k = s - -14. Let o = 18 + 18. Calculate the highest common factor of k and o.
6
Suppose -k - 39 = -2*c, k + 4*k - 25 = 0. Suppose 0 = -5*m + c + 18. Let y(j) = j**2 - 7*j - 4. Let z be y(m). What is the greatest common factor of z and 4?
4
Suppose 2*z - 132 = -z. Let q(k) = k**3 + 3*k**2 + 2*k + 4. Let a be q(0). What is the highest common factor of z and a?
4
Let a(g) = -g**3 - 5*g**2 + 6*g + 9. Let u be a(-6). Let s be 9/(u/2) + 83. What is the greatest common divisor of 34 and s?
17
Let q be 1796/18 - 8/(-36). Suppose v + q = 4*w - 80, 5*v = 5*w - 225. Calculate the greatest common divisor of 18 and w.
9
Suppose -106 = -9*p - 286. Let t(x) = -x**3 - 20*x**2 - 6*x - 20. Let l be t(p). Let v be (50/8)/(1/4). What is the greatest common factor of l and v?
25
Let f = -7 - -11. Let j be (-4 - 0)*(-2 - 0). Let p = j + 2. Calculate the greatest common factor of f and p.
2
Let q = 70 - 36. Let j be (5 + -7)*(q/(-4) + 0). What is the highest common divisor of 51 and j?
17
Suppose y - 352 = -7*y. Let o = 5 - 1. Calculate the greatest common divisor of o and y.
4
Let k(f) = 13*f + 126. Let p be k(-7). Let y = 6 + 10. Let j = p + y. What is the greatest common factor of 34 and j?
17
Let z = -25 + 55. Suppose 10*x - z = 30. What is the greatest common divisor of x and 66?
6
Let r(x) = 39*x**2 + 16*x + 51. Let c be r(-4). Calculate the greatest common divisor of c and 26.
13
Let l = 202 - 99. Let h = l + -67. Calculate the greatest common divisor of h and 4.
4
Suppose 0 = -y + 5*o + 433, 23*o - 12 = 27*o. What is the greatest common factor of 22 and y?
22
Suppose 0*c = 4*s - 2*c - 2, -c = 4*s - 17. Let b be (4/6)/(s/9). Suppose 0 = -b*m + 29 + 49. Calculate the highest common divisor of 195 and m.
39
Let g be ((-1)/(-1))/1 + 47. Suppose 3*s = 4*b + 334, -20 + 276 = 2*s + 4*b. Let p = 134 - s. Calculate the highest common factor of g and p.
16
Let x(o) be the first derivative of -3*o**2/2 + 70*o + 42. Let b be x(22). Calculate the greatest common divisor of b and 68.
4
Let i = -287 - -1107. Calculate the highest common divisor of i and 10.
10
Let n(a) = a**2 - 10*a - 1. Let d be n(12). Suppose 3*y - 11 = 58. Calculate the greatest common divisor of y and d.
23
Let c be 20/(-28) - ((-4)/(-14))/1. Let u be (-15)/((-1 - (-3 - c))/(-2)). Suppose -3*f + 8*f = 375. What is the greatest common divisor of u and f?
15
Let j be (81*8/(-24))/((-2)/76). What is the greatest common divisor of j and 38?
38
Let d(l) = l**3 + 4*l**2 + l - 8. Let z be d(-5). Let j = -34 - z. Calculate the greatest common factor of 36 and j.
4
Suppose 88 + 92 = 5*b. Suppose 3*h = 5*x - 51, 5*x + 4*h - 36 - 36 = 0. What is the highest common divisor of x and b?
12
Let x = 295 - 283. Let d(t) = -t**3 - 3*t**2 + 4*t - 6. Let c be d(-5). What is the highest common divisor of x and c?
12
Let v = 368 - 350. Calculate the highest common divisor of 54 and v.
18
Let b(p) = 24*p + 112. Let v be b(7). Calculate the greatest common factor of v and 105.
35
Let a = -38 + 33. Let f be 116/20 + (-1)/a. Calculate the greatest common divisor of 15 and f.
3
Suppose 0*w - w = 6*w. Suppose -2*g - 8 = 0, -n - 2*g + w*g = -25. What is the greatest common divisor of n and 33?
33
Let d(o) = o**2 - o. Suppose -9*i + 0*i + 18 = 0. Let c be d(i). What is the highest common factor of 5 and c?
1
Let y be 5*4/(1 - -3). Suppose -4*m - y = -17. Let u be 4 - -1 - 9/m. What is the greatest common divisor of 2 and u?
2
Let p(g) = 8*g**2 - g - 99. Let f be p(7). What is the greatest common divisor of 78 and f?
26
Let d(m) = -5*m**2 - 2*m - 4. Let r be d(3). Let j = 59 + r. Calculate the highest common divisor of j and 4.
4
Let x be (-7)/((-5)/2 - -2). Let d be x/21*(7 + 2). What is the highest common divisor of 27 and d?
3
Suppose 5*k = -3*k - 48. Let z(n) = 3*n**2 - 5*n + 5. Let c be z(k). Calculate the highest common factor of c and 11.
11
Let n(a) be the third derivative of a**5/60 + a**4/24 + 40*a**3/3 - 10*a**2. Let t be n(0). What is the greatest common factor of 32 and t?
16
Let g = -17 - -26. Suppose w + 8*t = 6*t + 51, 3*w - 4*t = 123. What is the greatest common factor of g and w?
9
Let w = 14 + -20. Let l be 6/9*w - 1. Let b be (-4)/(-2) + l/5. What is the highest common divisor of 11 and b?
1
Suppose -136 = -0*p + 2*p. Let k be 12/42 - p/7. Let c be ((-21)/9 - -2) + 244/12. Calculate the highest common divisor of k and c.
10
Let f be 8/(-8)*(-5 - -2). Suppose -102 = -f*z - y, 3*z + 2*y - 70 = 29. Calculate the highest common divisor of z and 5.
5
Let t be (163 - (9 - 3)) + 1*3. Calculate the highest common factor of 96 and t.
32
Let k(f) = f**3 - 7*f**2 - 34*f + 6. Let x be k(-3). Calculate the greatest common factor of x and 9.
9
Let m(n) = 3*n**2 + 28*n + 62. Let b be m(-3). Calculate the highest common factor of 2 and b.
1
Let s be (-13)/(2652/(-20220)) - (-2)/(-17). Calculate the highest common divisor of s and 11.
11
Suppose -85*y + 1470 = -75*y. What is the greatest common divisor of y and 98?
49
Let l be 2/10 - 178/(-10). Let o = 30 - -190. Suppose -r = r - 3*q - 105, o = 4*r + 4*q. What is the highest common divisor of r and l?
18
Suppose -8*r + 120 = -4*r. Let b be (-1)/(117/r - 4). Calculate the highest common factor of 10 and b.
10
Let z(d) = -d**2 - 23*d - 107. Let v be z(-7). What is the highest common divisor of 415 and v?
5
Let y be -4 + 58 + (0 - 1)*6. What is the highest common factor of y and 36?
12
Suppose 16*i = 13*i + 30. Let s = 25 - i. Let v = 167 + -92. Calculate the highest common factor of s and v.
15
Suppose 5*i + 2*k = 42, 2*i - 2*k + 3*k - 16 = 0. Suppose 4*h - 46 = -i. Let a be (4/(-4) - -3) + h. What is the highest common factor of 1 and a?
1
Suppose -3*u + 6 = 3*f - 0*u, 0 = 5*u. Calculate the highest common factor of 206 and f.
2
Suppose 6*p - 38 = 88. Let m be (42/(-3))/(1/(-12)). What is the greatest common divisor of m and p?
21
Let q(v) = -7*v - 254. Let h be q(-38). What is the greatest common divisor of h and 54?
6
Suppose -x + 34 = -h, -3*x + 83 + 39 = 2*h. Suppose -5*m - 4*z + 72 = 0, 0*m - 3*z = -2*m + x. What is the highest common factor of 40 and m?
8
Let i be (5/4)/((-3)/432*-3). What is the highest common factor of 30 and i?
30
Suppose -8*x = x - 252. Suppose 5*q = 3*c + 89 - 19, 2*q + c = x. What is the highest common divisor of 42 and q?
14
Let c be -1 - -1*(-3 - -7). Suppose c*o - 8 = 5*o. Let l = o - -10. Calculate the highest common factor of 60 and l.
6
Let v(k) = k**3 - 10*k**2 - 6*k - 21. Let o be v(10). Let z = o - -91. What is the highest common divisor of 30 and z?
10
Let a be (48/84)/((-24)/(-21) + -1). Calculate the greatest common factor of a and 76.
4
Let x(r) = 61*r**2 + 13*r + 12. Let t be x(-1). What is the greatest common divisor of 180 and t?
60
Let d be -8 + 13 - (-3 +